{"id":2660,"date":"2022-06-10T08:38:17","date_gmt":"2022-06-10T08:38:17","guid":{"rendered":"http:\/\/szkolabolecina.pl\/?page_id=2660"},"modified":"2026-03-16T15:01:29","modified_gmt":"2026-03-16T15:01:29","slug":"deklaracja-dostepnosci","status":"publish","type":"page","link":"https:\/\/szkolabolecina.pl\/index.php\/deklaracja-dostepnosci\/","title":{"rendered":"Deklaracja dost\u0119pno\u015bci"},"content":{"rendered":"\t\t<div data-elementor-type=\"wp-page\" data-elementor-id=\"2660\" class=\"elementor elementor-2660\" data-elementor-post-type=\"page\">\n\t\t\t\t\t\t<section class=\"has_eae_slider elementor-section elementor-top-section elementor-element elementor-element-fd05644 elementor-section-boxed elementor-section-height-default elementor-section-height-default\" data-eae-slider=\"30352\" data-id=\"fd05644\" data-element_type=\"section\">\n\t\t\t\t\t\t<div class=\"elementor-container elementor-column-gap-default\">\n\t\t\t\t\t<div class=\"has_eae_slider elementor-column elementor-col-100 elementor-top-column elementor-element elementor-element-69c2457\" data-eae-slider=\"75156\" data-id=\"69c2457\" data-element_type=\"column\">\n\t\t\t<div class=\"elementor-widget-wrap elementor-element-populated\">\n\t\t\t\t\t\t<div class=\"elementor-element elementor-element-cc7ae4c elementor-widget elementor-widget-text-editor\" data-id=\"cc7ae4c\" data-element_type=\"widget\" data-widget_type=\"text-editor.default\">\n\t\t\t\t<div class=\"elementor-widget-container\">\n\t\t\t\t\t\t\t\t\t<p dir=\"ltr\" style=\"line-height: 1.2; background-color: #ffffff; margin-top: 7.5pt; margin-bottom: 0pt; padding: 0pt 0pt 7.5pt 0pt;\"><span style=\"font-size: 12pt; font-family: Arial; color: #2d2d2d; background-color: transparent; font-weight: bold; font-style: normal; font-variant: small-caps; text-decoration: none; vertical-align: baseline; white-space: pre-wrap;\">DEKLARACJA DOST\u0118PNO\u015aCI STRONY INTERNETOWEJ&nbsp;ZESPO\u0141U SZK\u00d3\u0141 SAMORZ\u0104DOWYCH W SU\u0141KOWICACH-BOL\u0118CINIE<\/span><\/p>\n<p dir=\"ltr\" style=\"line-height: 1.2; background-color: #ffffff; margin-top: 0pt; margin-bottom: 0pt; padding: 0pt 0pt 7.5pt 0pt;\"><span style=\"font-size: 12pt; font-family: Arial; color: #222222; background-color: transparent; font-weight: 400; font-style: normal; font-variant: normal; text-decoration: none; vertical-align: baseline; white-space: pre-wrap;\">&nbsp;<\/span><\/p>\n<p dir=\"ltr\" style=\"line-height: 1.2; background-color: #ffffff; margin-top: 0pt; margin-bottom: 0pt; padding: 0pt 0pt 7.5pt 0pt;\"><span style=\"font-size: 12pt; font-family: Arial; color: #222222; background-color: transparent; font-weight: 400; font-style: normal; font-variant: normal; text-decoration: none; vertical-align: baseline; white-space: pre-wrap;\">Zesp\u00f3\u0142 Szk\u00f3\u0142 Samorz\u0105dowych w Su\u0142kowicach-Bol\u0119cinie zobowi\u0105zuje si\u0119 do zapewnienia dost\u0119pno\u015bci swojej strony internetowej zgodnie z ustaw\u0105<br><\/span><span style=\"background-color: transparent; color: #222222; font-family: Arial; font-size: 12pt; font-style: normal; font-variant-ligatures: normal; font-variant-caps: normal; font-weight: 400; white-space: pre-wrap;\">z dnia 4 kwietnia 2019 r. o dost\u0119pno\u015bci cyfrowej stron internetowych i aplikacji mobilnych podmiot\u00f3w publicznych. <\/span><\/p>\n<p dir=\"ltr\" style=\"line-height: 1.2; background-color: #ffffff; margin-top: 0pt; margin-bottom: 0pt; padding: 0pt 0pt 7.5pt 0pt;\"><span style=\"font-size: 12pt; font-family: Arial; color: #222222; background-color: transparent; font-weight: 400; font-style: normal; font-variant: normal; text-decoration: none; vertical-align: baseline; white-space: pre-wrap;\">O\u015bwiadczenie w sprawie dost\u0119pno\u015bci ma zastosowanie do&nbsp;strony szkolabolecina.pl<\/span><\/p>\n<p dir=\"ltr\" style=\"line-height: 1.2; background-color: #ffffff; margin-top: 0pt; margin-bottom: 0pt; padding: 0pt 0pt 7.5pt 0pt;\"><span style=\"font-size: 12pt; font-family: Arial; color: #222222; background-color: transparent; font-weight: 400; font-style: normal; font-variant: normal; text-decoration: none; vertical-align: baseline; white-space: pre-wrap;\">Data publikacji strony internetowej:&nbsp;2022-03-23<\/span><\/p>\n<p dir=\"ltr\" style=\"line-height: 1.2; background-color: #ffffff; margin-top: 0pt; margin-bottom: 0pt; padding: 0pt 0pt 7.5pt 0pt;\"><span style=\"font-size: 12pt; font-family: Arial; color: #222222; background-color: transparent; font-weight: 400; font-style: normal; font-variant: normal; text-decoration: none; vertical-align: baseline; white-space: pre-wrap;\">Data ostatniej aktualizacji strony internetowej:&nbsp;2026-02-03<\/span><\/p>\n<p dir=\"ltr\" style=\"line-height: 1.2; background-color: #ffffff; margin-top: 0pt; margin-bottom: 0pt; padding: 0pt 0pt 7.5pt 0pt;\"><span style=\"font-size: 12pt; font-family: Arial; color: #222222; background-color: transparent; font-weight: 400; font-style: normal; font-variant: normal; text-decoration: none; vertical-align: baseline; white-space: pre-wrap;\">Strona internetowa jest zgodna z ustaw\u0105 z dnia 4 kwietnia 2019 r. o dost\u0119pno\u015bci cyfrowej stron internetowych i aplikacji mobilnych podmiot\u00f3w publicznych.<\/span><\/p>\n<p dir=\"ltr\" style=\"line-height: 1.2; background-color: #ffffff; margin-top: 0pt; margin-bottom: 0pt; padding: 0pt 0pt 7.5pt 0pt;\"><span style=\"font-size: 12pt; font-family: Arial; color: #222222; background-color: transparent; font-weight: 400; font-style: normal; font-variant: normal; text-decoration: none; vertical-align: baseline; white-space: pre-wrap;\">O\u015bwiadczenie sporz\u0105dzono&nbsp;2026-03-16.<\/span><span style=\"font-size: 12pt; font-family: Arial; color: #222222; background-color: transparent; font-weight: 400; font-style: normal; font-variant: normal; text-decoration: none; vertical-align: baseline; white-space: pre-wrap;\"><br><\/span><span style=\"font-size: 12pt; font-family: Arial; color: #222222; background-color: transparent; font-weight: 400; font-style: normal; font-variant: normal; text-decoration: none; vertical-align: baseline; white-space: pre-wrap;\">Deklaracj\u0119 sporz\u0105dzono na podstawie samooceny przeprowadzonej przez podmiot publiczny.<\/span><\/p>\n<p dir=\"ltr\" style=\"line-height: 1.2; background-color: #ffffff; margin-top: 0pt; margin-bottom: 0pt; padding: 0pt 0pt 7.5pt 0pt;\"><span style=\"font-size: 12pt; font-family: Arial; color: #222222; background-color: transparent; font-weight: 400; font-style: normal; font-variant: normal; text-decoration: none; vertical-align: baseline; white-space: pre-wrap;\">Na stronie internetowej mo\u017cna korzysta\u0107 ze standardowych skr\u00f3t\u00f3w klawiaturowych.<\/span><\/p>\n<p dir=\"ltr\" style=\"line-height: 1.2; background-color: #ffffff; margin-top: 0pt; margin-bottom: 0pt; padding: 0pt 0pt 7.5pt 0pt;\"><span style=\"font-size: 12pt; font-family: Arial; color: #222222; background-color: transparent; font-weight: 400; font-style: normal; font-variant: normal; text-decoration: none; vertical-align: baseline; white-space: pre-wrap;\">&nbsp;<\/span><\/p>\n<p dir=\"ltr\" style=\"line-height: 1.2; background-color: #ffffff; margin-top: 0pt; margin-bottom: 0pt; padding: 0pt 0pt 7.5pt 0pt;\"><span style=\"font-size: 10.5pt; font-family: Arial; color: #2d2d2d; background-color: transparent; font-weight: bold; font-style: normal; font-variant: small-caps; text-decoration: none; vertical-align: baseline; white-space: pre-wrap;\">INFORMACJE ZWROTNE I DANE KONTAKTOWE<\/span><\/p>\n<p dir=\"ltr\" style=\"line-height: 1.2; background-color: #ffffff; margin-top: 0pt; margin-bottom: 0pt; padding: 0pt 0pt 7.5pt 0pt;\"><span style=\"font-size: 12pt; font-family: Arial; color: #222222; background-color: transparent; font-weight: 400; font-style: normal; font-variant: normal; text-decoration: none; vertical-align: baseline; white-space: pre-wrap;\">W przypadku problem\u00f3w z dost\u0119pno\u015bci\u0105 strony internetowej prosimy o kontakt z panem Markiem Rajd\u0105, adres poczty elektronicznej:&nbsp;<\/span><a style=\"text-decoration: none;\" href=\"mailto:marek.rajda@szkolabolecina.pl\"><span style=\"font-size: 12pt; font-family: Arial; color: #0000ff; background-color: transparent; font-weight: 400; font-style: normal; font-variant: normal; text-decoration: underline; -webkit-text-decoration-skip: none; text-decoration-skip-ink: none; vertical-align: baseline; white-space: pre-wrap;\">marek.rajda@szkolabolecina.pl<\/span><\/a><span style=\"font-size: 12pt; font-family: Arial; color: #222222; background-color: transparent; font-weight: 400; font-style: normal; font-variant: normal; text-decoration: none; vertical-align: baseline; white-space: pre-wrap;\">, tel.&nbsp;33 8753378, a w sprawach dost\u0119pno\u015bci architektonicznej z pani\u0105 Renat\u0105 Wojewodzic adres poczty elektronicznej <\/span><a style=\"text-decoration: none;\" href=\"mailto:renata.wojewodzic@szkolabolecina.pl\"><span style=\"font-size: 12pt; font-family: Arial; color: #0000ff; background-color: transparent; font-weight: 400; font-style: normal; font-variant: normal; text-decoration: underline; -webkit-text-decoration-skip: none; text-decoration-skip-ink: none; vertical-align: baseline; white-space: pre-wrap;\">renata.wojewodzic@szkolabolecina.pl<\/span><\/a><span style=\"font-size: 12pt; font-family: Arial; color: #222222; background-color: transparent; font-weight: 400; font-style: normal; font-variant: normal; text-decoration: none; vertical-align: baseline; white-space: pre-wrap;\">, tel.&nbsp;33 8753378<\/span><\/p>\n<p dir=\"ltr\" style=\"line-height: 1.2; background-color: #ffffff; margin-top: 0pt; margin-bottom: 0pt; padding: 0pt 0pt 7.5pt 0pt;\"><span style=\"font-size: 12pt; font-family: Arial; color: #222222; background-color: transparent; font-weight: 400; font-style: normal; font-variant: normal; text-decoration: none; vertical-align: baseline; white-space: pre-wrap;\">T\u0105 sam\u0105 drog<\/span><span style=\"font-size: 12pt; font-family: Arial; color: #222222; background-color: transparent; font-weight: 400; font-style: italic; font-variant: normal; text-decoration: none; vertical-align: baseline; white-space: pre-wrap;\">\u0105<\/span><span style=\"font-size: 12pt; font-family: Arial; color: #222222; background-color: transparent; font-weight: 400; font-style: normal; font-variant: normal; text-decoration: none; vertical-align: baseline; white-space: pre-wrap;\">&nbsp;mo\u017cna r\u00f3wnie\u017c sk\u0142ada\u0107 wnioski o udost\u0119pnienie informacji niedost\u0119pnej oraz sk\u0142ada\u0107 skargi na brak zapewnienia dost\u0119pno\u015bci.<\/span><\/p>\n<p dir=\"ltr\" style=\"line-height: 1.2; background-color: #ffffff; margin-top: 0pt; margin-bottom: 0pt; padding: 0pt 0pt 7.5pt 0pt;\"><span style=\"font-size: 12pt; font-family: Arial; color: #222222; background-color: transparent; font-weight: 400; font-style: normal; font-variant: normal; text-decoration: none; vertical-align: baseline; white-space: pre-wrap;\">&nbsp;<\/span><\/p>\n<p dir=\"ltr\" style=\"line-height: 1.2; background-color: #ffffff; margin-top: 0pt; margin-bottom: 0pt; padding: 0pt 0pt 7.5pt 0pt;\"><span style=\"font-size: 10.5pt; font-family: Arial; color: #2d2d2d; background-color: transparent; font-weight: bold; font-style: normal; font-variant: small-caps; text-decoration: none; vertical-align: baseline; white-space: pre-wrap;\">INFORMACJE NA TEMAT PROCEDURY<\/span><\/p>\n<p dir=\"ltr\" style=\"line-height: 1.2; background-color: #ffffff; margin-top: 0pt; margin-bottom: 0pt; padding: 0pt 0pt 7.5pt 0pt;\"><span style=\"font-size: 12pt; font-family: Arial; color: #222222; background-color: transparent; font-weight: 400; font-style: normal; font-variant: normal; text-decoration: none; vertical-align: baseline; white-space: pre-wrap;\">Ka\u017cdy ma prawo do wyst\u0105pienia z \u017c\u0105daniem zapewnienia dost\u0119pno\u015bci cyfrowej strony internetowej lub jakiego\u015b jej elementu. Mo\u017cna \u017c\u0105da\u0107 udost\u0119pnienia informacji w formach alternatywnych, na przyk\u0142ad odczytania niedost\u0119pnego cyfrowo dokumentu, opisania zawarto\u015bci prezentacji multimedialnej itp. \u017b\u0105danie powinno zawiera\u0107 dane osoby zg\u0142aszaj\u0105cej \u017c\u0105danie, wskazanie, o kt\u00f3r\u0105 stron\u0119 internetow\u0105 chodzi oraz spos\u00f3b kontaktu. Je\u017celi osoba \u017c\u0105daj\u0105ca zg\u0142asza potrzeb\u0119 otrzymania informacji w innej formie, powinna okre\u015bli\u0107 form\u0119 informacji.<\/span><\/p>\n<p dir=\"ltr\" style=\"line-height: 1.2; background-color: #ffffff; margin-top: 0pt; margin-bottom: 0pt; padding: 0pt 0pt 7.5pt 0pt;\"><span style=\"font-size: 12pt; font-family: Arial; color: #222222; background-color: transparent; font-weight: 400; font-style: normal; font-variant: normal; text-decoration: none; vertical-align: baseline; white-space: pre-wrap;\">Zesp\u00f3\u0142 Szk\u00f3\u0142 Samorz\u0105dowych w Su\u0142kowicach-Bol\u0119cinie ma obowi\u0105zek realizacji \u017c\u0105dania niezw\u0142ocznie<\/span><span style=\"font-size: 12pt; font-family: Arial; color: #222222; background-color: transparent; font-weight: 400; font-style: normal; font-variant: normal; text-decoration: none; vertical-align: baseline; white-space: pre-wrap;\"><br><\/span><span style=\"font-size: 12pt; font-family: Arial; color: #222222; background-color: transparent; font-weight: 400; font-style: normal; font-variant: normal; text-decoration: none; vertical-align: baseline; white-space: pre-wrap;\">i nie p\u00f3\u017aniej ni\u017c w ci\u0105gu 14 dni. Je\u017celi dotrzymanie tego terminu nie jest mo\u017cliwe, Szko\u0142a niezw\u0142ocznie informuje o tym, kiedy realizacja \u017c\u0105dania b\u0119dzie mo\u017cliwa, przy czym termin ten nie mo\u017ce by\u0107 d\u0142u\u017cszy ni\u017c 2 miesi\u0105ce. Je\u017celi zapewnienie dost\u0119pno\u015bci nie jest mo\u017cliwe, Szko\u0142a mo\u017ce zaproponowa\u0107 inny alternatywny spos\u00f3b dost\u0119pu do informacji.<\/span><\/p>\n<p dir=\"ltr\" style=\"line-height: 1.2; background-color: #ffffff; margin-top: 0pt; margin-bottom: 0pt; padding: 0pt 0pt 7.5pt 0pt;\"><span style=\"font-size: 12pt; font-family: Arial; color: #222222; background-color: transparent; font-weight: 400; font-style: normal; font-variant: normal; text-decoration: none; vertical-align: baseline; white-space: pre-wrap;\">W przypadku, gdy Szko\u0142a odm\u00f3wi realizacji \u017c\u0105dania zapewnienia dost\u0119pno\u015bci lub alternatywnego dost\u0119pu do informacji, osoba zainteresowana mo\u017ce z\u0142o\u017cy\u0107 skarg\u0119 na takie dzia\u0142anie.<\/span><\/p>\n<p dir=\"ltr\" style=\"line-height: 1.2; background-color: #ffffff; margin-top: 0pt; margin-bottom: 0pt; padding: 0pt 0pt 7.5pt 0pt;\"><span style=\"font-size: 12pt; font-family: Arial; color: #222222; background-color: transparent; font-weight: 400; font-style: normal; font-variant: normal; text-decoration: none; vertical-align: baseline; white-space: pre-wrap;\">Po wyczerpaniu wszystkich mo\u017cliwo\u015bci, skarg\u0119 mo\u017cna przes\u0142a\u0107 tak\u017ce do&nbsp;<\/span><a style=\"text-decoration: none;\" href=\"https:\/\/www.rpo.gov.pl\/content\/kontakt\"><span style=\"font-size: 12pt; font-family: Arial; color: #3366ff; background-color: transparent; font-weight: 400; font-style: normal; font-variant: normal; text-decoration: underline; -webkit-text-decoration-skip: none; text-decoration-skip-ink: none; vertical-align: baseline; white-space: pre-wrap;\">Rzecznika Praw Obywatelskich<\/span><\/a><span style=\"font-size: 12pt; font-family: Arial; color: #222222; background-color: transparent; font-weight: 400; font-style: normal; font-variant: normal; text-decoration: none; vertical-align: baseline; white-space: pre-wrap;\">.<\/span><\/p>\n<p dir=\"ltr\" style=\"line-height: 1.2; background-color: #ffffff; margin-top: 0pt; margin-bottom: 0pt; padding: 0pt 0pt 7.5pt 0pt;\"><span style=\"font-size: 12pt; font-family: Arial; color: #222222; background-color: transparent; font-weight: 400; font-style: normal; font-variant: normal; text-decoration: none; vertical-align: baseline; white-space: pre-wrap;\">&nbsp;<\/span><\/p>\n<p dir=\"ltr\" style=\"line-height: 1.2; background-color: #ffffff; margin-top: 0pt; margin-bottom: 0pt; padding: 0pt 0pt 7.5pt 0pt;\"><span style=\"font-size: 10.5pt; font-family: Arial; color: #2d2d2d; background-color: transparent; font-weight: bold; font-style: normal; font-variant: small-caps; text-decoration: none; vertical-align: baseline; white-space: pre-wrap;\">DOST\u0118PNO\u015a\u0106 ARCHITEKTONICZNA<\/span><\/p>\n<p dir=\"ltr\" style=\"line-height: 1.2; background-color: #ffffff; margin-top: 0pt; margin-bottom: 0pt; padding: 0pt 0pt 7.5pt 0pt;\"><span style=\"font-size: 12pt; font-family: Arial; color: #222222; background-color: transparent; font-weight: 400; font-style: normal; font-variant: normal; text-decoration: none; vertical-align: baseline; white-space: pre-wrap;\">1.&nbsp;&nbsp;&nbsp;&nbsp;Zesp\u00f3\u0142 Szk\u00f3\u0142 Samorz\u0105dowych w Su\u0142kowicach-Bol\u0119cinie: budynek ul.Rac\u0142awicka 188, 34-125 Su\u0142kowice<\/span><\/p>\n<p dir=\"ltr\" style=\"line-height: 1.2; background-color: #ffffff; margin-top: 0pt; margin-bottom: 0pt; padding: 0pt 0pt 7.5pt 0pt;\"><span style=\"font-size: 12pt; font-family: Arial; color: #222222; background-color: transparent; font-weight: 400; font-style: normal; font-variant: normal; text-decoration: none; vertical-align: baseline; white-space: pre-wrap;\">2.&nbsp;&nbsp;&nbsp;&nbsp;Do budynku prowadz\u0105 cztery wej\u015bcia:&nbsp; dwa wej\u015bcie do Szko\u0142y od strony ul. Rac\u0142awickiej,&nbsp; wej\u015bcie z ty\u0142u budynku od strony Sali gimnastycznej wyposa\u017cone jest w&nbsp; podjazd dla w\u00f3zk\u00f3w, czwarte wej\u015bcie z ty\u0142u budynku do Starej Szko\u0142y.<\/span><\/p>\n<p dir=\"ltr\" style=\"line-height: 1.2; background-color: #ffffff; margin-top: 0pt; margin-bottom: 0pt; padding: 0pt 0pt 7.5pt 0pt;\"><span style=\"font-size: 12pt; font-family: Arial; color: #222222; background-color: transparent; font-weight: 400; font-style: normal; font-variant: normal; text-decoration: none; vertical-align: baseline; white-space: pre-wrap;\">3.&nbsp;&nbsp;&nbsp;&nbsp;W suterenach znajduj\u0105 si\u0119 szatnie. Na parterze budynku znajduje si\u0119 sekretariat i gabinet dyrektora szko\u0142y, biblioteka, sto\u0142\u00f3wka, oraz sale lekcyjne. Na pierwszymi pi\u0119trze znajduje si\u0119 gabinet zast\u0119pcy dyrektora, \u015bwietlica, gabinet piel\u0119gniarki oraz sale lekcyjne. Na drugim pi\u0119trze znajduj\u0105 si\u0119 sale lekcyjne.<\/span><\/p>\n<p dir=\"ltr\" style=\"line-height: 1.2; background-color: #ffffff; margin-top: 0pt; margin-bottom: 0pt; padding: 0pt 0pt 7.5pt 0pt;\"><span style=\"font-size: 12pt; font-family: Arial; color: #222222; background-color: transparent; font-weight: 400; font-style: normal; font-variant: normal; text-decoration: none; vertical-align: baseline; white-space: pre-wrap;\">4.&nbsp;&nbsp;&nbsp;&nbsp;W budynku zainstalowana jest platforma dla os\u00f3b niepe\u0142nosprawnych.&nbsp;<\/span><\/p>\n<p dir=\"ltr\" style=\"line-height: 1.2; background-color: #ffffff; margin-top: 0pt; margin-bottom: 0pt; padding: 0pt 0pt 7.5pt 0pt;\"><span style=\"font-size: 12pt; font-family: Arial; color: #222222; background-color: transparent; font-weight: 400; font-style: normal; font-variant: normal; text-decoration: none; vertical-align: baseline; white-space: pre-wrap;\">5.&nbsp;&nbsp;&nbsp;&nbsp;Toaleta dla&nbsp; os\u00f3b niepe\u0142nosprawnych znajduje si\u0119 na drugim pi\u0119trze.<\/span><\/p>\n<p dir=\"ltr\" style=\"line-height: 1.2; background-color: #ffffff; margin-top: 0pt; margin-bottom: 0pt; padding: 0pt 0pt 7.5pt 0pt;\"><span style=\"font-size: 12pt; font-family: Arial; color: #222222; background-color: transparent; font-weight: 400; font-style: normal; font-variant: normal; text-decoration: none; vertical-align: baseline; white-space: pre-wrap;\">6.&nbsp;&nbsp;&nbsp;&nbsp;Przed Szko\u0142\u0105, po drugiej stronie ul. Rac\u0142awickiej znajduje si\u0119 parking samochodowy.<\/span><\/p>\n<p dir=\"ltr\" style=\"line-height: 1.2; background-color: #ffffff; margin-top: 0pt; margin-bottom: 0pt; padding: 0pt 0pt 7.5pt 0pt;\"><span style=\"font-size: 12pt; font-family: Arial; color: #222222; background-color: transparent; font-weight: 400; font-style: normal; font-variant: normal; text-decoration: none; vertical-align: baseline; white-space: pre-wrap;\">7.&nbsp;&nbsp;&nbsp;&nbsp;Do budynku mo\u017cna wej\u015b\u0107 z psem asystuj\u0105cym i psem przewodnikiem.<\/span><\/p>\n<p dir=\"ltr\" style=\"line-height: 1.2; background-color: #ffffff; margin-top: 0pt; margin-bottom: 0pt; padding: 0pt 0pt 7.5pt 0pt;\"><span style=\"font-size: 12pt; font-family: Arial; color: #222222; background-color: transparent; font-weight: 400; font-style: normal; font-variant: normal; text-decoration: none; vertical-align: baseline; white-space: pre-wrap;\">8.&nbsp;&nbsp;&nbsp;&nbsp;W budynku nie ma p\u0119tli indukcyjnych.<\/span><\/p>\n<p dir=\"ltr\" style=\"line-height: 1.2; background-color: #ffffff; margin-top: 0pt; margin-bottom: 0pt; padding: 0pt 0pt 7.5pt 0pt;\"><span style=\"font-size: 12pt; font-family: Arial; color: #222222; background-color: transparent; font-weight: 400; font-style: normal; font-variant: normal; text-decoration: none; vertical-align: baseline; white-space: pre-wrap;\">9.&nbsp;&nbsp;&nbsp;&nbsp;W budynku nie ma oznacze\u0144 w alfabecie brajla ani oznacze\u0144 kontrastowych lub w druku powi\u0119kszonym dla os\u00f3b niewidomych i s\u0142abowidz\u0105cych.<\/span><\/p>\n<p dir=\"ltr\" style=\"line-height: 1.2; background-color: #ffffff; margin-top: 0pt; margin-bottom: 0pt; padding: 0pt 0pt 7.5pt 0pt;\"><span style=\"font-size: 12pt; font-family: Arial; color: #222222; background-color: transparent; font-weight: 400; font-style: normal; font-variant: normal; text-decoration: none; vertical-align: baseline; white-space: pre-wrap;\">10.&nbsp;W szkole nie ma mo\u017cliwo\u015bci skorzystania z pomocy t\u0142umacza j\u0119zyka migowego.<\/span><\/p>\n<p><span style=\"font-weight: normal;\">&nbsp;<\/span><\/p>\t\t\t\t\t\t\t\t<\/div>\n\t\t\t\t<\/div>\n\t\t\t\t\t<\/div>\n\t\t<\/div>\n\t\t\t\t\t<\/div>\n\t\t<\/section>\n\t\t\t\t<\/div>\n\t\t","protected":false},"excerpt":{"rendered":"<p>DEKLARACJA DOST\u0118PNO\u015aCI STRONY INTERNETOWEJ&nbsp;ZESPO\u0141U SZK\u00d3\u0141 SAMORZ\u0104DOWYCH W SU\u0141KOWICACH-BOL\u0118CINIE &nbsp; Zesp\u00f3\u0142 Szk\u00f3\u0142 Samorz\u0105dowych w Su\u0142kowicach-Bol\u0119cinie zobowi\u0105zuje si\u0119 do zapewnienia dost\u0119pno\u015bci swojej strony internetowej zgodnie z ustaw\u0105z dnia 4 kwietnia 2019 r. o dost\u0119pno\u015bci cyfrowej stron internetowych i aplikacji mobilnych podmiot\u00f3w publicznych. O\u015bwiadczenie w sprawie dost\u0119pno\u015bci ma zastosowanie do&nbsp;strony szkolabolecina.pl Data publikacji strony internetowej:&nbsp;2022-03-23 Data ostatniej aktualizacji [&hellip;]<\/p>\n","protected":false},"author":4,"featured_media":0,"parent":0,"menu_order":0,"comment_status":"closed","ping_status":"closed","template":"","meta":{"_eb_attr":"","ocean_post_layout":"","ocean_both_sidebars_style":"","ocean_both_sidebars_content_width":0,"ocean_both_sidebars_sidebars_width":0,"ocean_sidebar":"","ocean_second_sidebar":"","ocean_disable_margins":"enable","ocean_add_body_class":"","ocean_shortcode_before_top_bar":"","ocean_shortcode_after_top_bar":"","ocean_shortcode_before_header":"","ocean_shortcode_after_header":"","ocean_has_shortcode":"","ocean_shortcode_after_title":"","ocean_shortcode_before_footer_widgets":"","ocean_shortcode_after_footer_widgets":"","ocean_shortcode_before_footer_bottom":"","ocean_shortcode_after_footer_bottom":"","ocean_display_top_bar":"default","ocean_display_header":"default","ocean_header_style":"","ocean_center_header_left_menu":"","ocean_custom_header_template":"","ocean_custom_logo":0,"ocean_custom_retina_logo":0,"ocean_custom_logo_max_width":0,"ocean_custom_logo_tablet_max_width":0,"ocean_custom_logo_mobile_max_width":0,"ocean_custom_logo_max_height":0,"ocean_custom_logo_tablet_max_height":0,"ocean_custom_logo_mobile_max_height":0,"ocean_header_custom_menu":"","ocean_menu_typo_font_family":"","ocean_menu_typo_font_subset":"","ocean_menu_typo_font_size":0,"ocean_menu_typo_font_size_tablet":0,"ocean_menu_typo_font_size_mobile":0,"ocean_menu_typo_font_size_unit":"px","ocean_menu_typo_font_weight":"","ocean_menu_typo_font_weight_tablet":"","ocean_menu_typo_font_weight_mobile":"","ocean_menu_typo_transform":"","ocean_menu_typo_transform_tablet":"","ocean_menu_typo_transform_mobile":"","ocean_menu_typo_line_height":0,"ocean_menu_typo_line_height_tablet":0,"ocean_menu_typo_line_height_mobile":0,"ocean_menu_typo_line_height_unit":"","ocean_menu_typo_spacing":0,"ocean_menu_typo_spacing_tablet":0,"ocean_menu_typo_spacing_mobile":0,"ocean_menu_typo_spacing_unit":"","ocean_menu_link_color":"","ocean_menu_link_color_hover":"","ocean_menu_link_color_active":"","ocean_menu_link_background":"","ocean_menu_link_hover_background":"","ocean_menu_link_active_background":"","ocean_menu_social_links_bg":"","ocean_menu_social_hover_links_bg":"","ocean_menu_social_links_color":"","ocean_menu_social_hover_links_color":"","ocean_disable_title":"default","ocean_disable_heading":"default","ocean_post_title":"","ocean_post_subheading":"","ocean_post_title_style":"","ocean_post_title_background_color":"","ocean_post_title_background":0,"ocean_post_title_bg_image_position":"","ocean_post_title_bg_image_attachment":"","ocean_post_title_bg_image_repeat":"","ocean_post_title_bg_image_size":"","ocean_post_title_height":0,"ocean_post_title_bg_overlay":0.5,"ocean_post_title_bg_overlay_color":"","ocean_disable_breadcrumbs":"default","ocean_breadcrumbs_color":"","ocean_breadcrumbs_separator_color":"","ocean_breadcrumbs_links_color":"","ocean_breadcrumbs_links_hover_color":"","ocean_display_footer_widgets":"default","ocean_display_footer_bottom":"default","ocean_custom_footer_template":"","footnotes":""},"class_list":["post-2660","page","type-page","status-publish","hentry","entry"],"_links":{"self":[{"href":"https:\/\/szkolabolecina.pl\/index.php\/wp-json\/wp\/v2\/pages\/2660","targetHints":{"allow":["GET"]}}],"collection":[{"href":"https:\/\/szkolabolecina.pl\/index.php\/wp-json\/wp\/v2\/pages"}],"about":[{"href":"https:\/\/szkolabolecina.pl\/index.php\/wp-json\/wp\/v2\/types\/page"}],"author":[{"embeddable":true,"href":"https:\/\/szkolabolecina.pl\/index.php\/wp-json\/wp\/v2\/users\/4"}],"replies":[{"embeddable":true,"href":"https:\/\/szkolabolecina.pl\/index.php\/wp-json\/wp\/v2\/comments?post=2660"}],"version-history":[{"count":8,"href":"https:\/\/szkolabolecina.pl\/index.php\/wp-json\/wp\/v2\/pages\/2660\/revisions"}],"predecessor-version":[{"id":10630,"href":"https:\/\/szkolabolecina.pl\/index.php\/wp-json\/wp\/v2\/pages\/2660\/revisions\/10630"}],"wp:attachment":[{"href":"https:\/\/szkolabolecina.pl\/index.php\/wp-json\/wp\/v2\/media?parent=2660"}],"curies":[{"name":"wp","href":"https:\/\/api.w.org\/{rel}","templated":true}]}}